{"id":1543,"date":"2023-12-16T07:07:10","date_gmt":"2023-12-16T10:07:10","guid":{"rendered":"https:\/\/caminhovivo.com\/?post_type=product&#038;p=1543"},"modified":"2025-08-16T00:00:30","modified_gmt":"2025-08-16T03:00:30","slug":"caminho-das-silabas-volume-2","status":"publish","type":"product","link":"https:\/\/caminhovivo.com\/index.php\/produto\/caminho-das-silabas-volume-2\/","title":{"rendered":"Caminho das S\u00edlabas Volume 2"},"content":{"rendered":"<p>Caminho das S\u00edlabas \u00e9 uma maneira f\u00e1cil, agrad\u00e1vel e atraente de ensinar seu filho a ler.<\/p>\n<p>Com centenas de exerc\u00edcios ricamente ilustrados, o Caminho das S\u00edlabas trar\u00e1 a seu filho essa automatiza\u00e7\u00e3o da leitura com boa assimila\u00e7\u00e3o e interpreta\u00e7\u00e3o. Os exerc\u00edcios alternam as \u00e1reas cerebrais da vis\u00e3o, coordena\u00e7\u00e3o motora e lateralidade, racioc\u00ednio e compreens\u00e3o lingu\u00edstica com belas obras de arte e poesia. O resultado \u00e9 uma li\u00e7\u00e3o de leitura bela, n\u00e3o repetitiva e nada cansativa.<\/p>\n<p>Neste segundo volume trabalharemos as s\u00edlabas complexas e dificuldades lingu\u00edsticas, al\u00e9m de ordem alfab\u00e9tica, leitura e escrita em cursiva, interpreta\u00e7\u00e3o de texto, soletra\u00e7\u00e3o e progress\u00e3o da leitura de palavras a frases e de frases a textos, isso associado \u00e0 aprecia\u00e7\u00e3o art\u00edstica e po\u00e9tica.<\/p>\n<p>Material Digital entregue em formato PDF. N\u00c3O H\u00c1 ENTREGA DE MATERIAL F\u00cdSICO<\/p>\n<p>VOLUME 2<br \/>\nS\u00edlabas Complexas<br \/>\nQuantidade de p\u00e1ginas: 245<br \/>\nIdade recomendada: 5 a 7 anos<\/p>\n","protected":false},"excerpt":{"rendered":"<p>Caminho das S\u00edlabas \u00e9 uma maneira f\u00e1cil, agrad\u00e1vel e atraente de ensinar seu filho a ler. Com centenas de exerc\u00edcios ricamente ilustrados, o Caminho das S\u00edlabas trar\u00e1 a seu filho essa automatiza\u00e7\u00e3o da leitura com boa assimila\u00e7\u00e3o e interpreta\u00e7\u00e3o. Os exerc\u00edcios alternam as \u00e1reas cerebrais da vis\u00e3o, coordena\u00e7\u00e3o motora e lateralidade, racioc\u00ednio e compreens\u00e3o lingu\u00edstica &hellip;<\/p>\n<p class=\"read-more\"> <a class=\"\" href=\"https:\/\/caminhovivo.com\/index.php\/produto\/caminho-das-silabas-volume-2\/\"> <span class=\"screen-reader-text\">Caminho das S\u00edlabas Volume 2<\/span> Leia mais &raquo;<\/a><\/p>\n","protected":false},"featured_media":2473,"comment_status":"closed","ping_status":"closed","template":"","meta":{"site-sidebar-layout":"default","site-content-layout":"default","ast-global-header-display":"","ast-main-header-display":"","ast-hfb-above-header-display":"","ast-hfb-below-header-display":"","ast-hfb-mobile-header-display":"","site-post-title":"","ast-breadcrumbs-content":"","ast-featured-img":"","footer-sml-layout":"","theme-transparent-header-meta":"default","adv-header-id-meta":"","stick-header-meta":"","header-above-stick-meta":"","header-main-stick-meta":"","header-below-stick-meta":""},"product_cat":[43],"product_tag":[48,67,66,65,53,49,50,47,69,71,55,54],"class_list":{"0":"post-1543","1":"product","2":"type-product","3":"status-publish","4":"has-post-thumbnail","6":"product_cat-alfabetizacao","7":"product_tag-alfabetizacao","8":"product_tag-curriculo-educacao-domiciliar","9":"product_tag-curriculo-homeschool","10":"product_tag-curriculo-homeschooling","11":"product_tag-ensinar-silabas","12":"product_tag-homeschooling","13":"product_tag-metodo-fonico","14":"product_tag-metodofonico","15":"product_tag-pre-escola","16":"product_tag-pre-escola-homeschooling","17":"product_tag-silabario","18":"product_tag-silabas","19":"desktop-align-left","20":"tablet-align-left","21":"mobile-align-left","23":"first","24":"instock","25":"shipping-taxable","26":"product-type-external"},"yoast_head":"<!-- This site is optimized with the Yoast SEO plugin v23.5 - https:\/\/yoast.com\/wordpress\/plugins\/seo\/ -->\n<title>Caminho das S\u00edlabas Volume 2 - Caminho Vivo<\/title>\n<meta name=\"robots\" content=\"index, follow, max-snippet:-1, max-image-preview:large, max-video-preview:-1\" \/>\n<link rel=\"canonical\" href=\"https:\/\/caminhovivo.com\/index.php\/produto\/caminho-das-silabas-volume-2\/\" \/>\n<meta property=\"og:locale\" content=\"pt_BR\" \/>\n<meta property=\"og:type\" content=\"article\" \/>\n<meta property=\"og:title\" content=\"Caminho das S\u00edlabas Volume 2 - Caminho Vivo\" \/>\n<meta property=\"og:description\" content=\"Caminho das S\u00edlabas \u00e9 uma maneira f\u00e1cil, agrad\u00e1vel e atraente de ensinar seu filho a ler. Com centenas de exerc\u00edcios ricamente ilustrados, o Caminho das S\u00edlabas trar\u00e1 a seu filho essa automatiza\u00e7\u00e3o da leitura com boa assimila\u00e7\u00e3o e interpreta\u00e7\u00e3o. Os exerc\u00edcios alternam as \u00e1reas cerebrais da vis\u00e3o, coordena\u00e7\u00e3o motora e lateralidade, racioc\u00ednio e compreens\u00e3o lingu\u00edstica &hellip; Caminho das S\u00edlabas Volume 2 Leia mais &raquo;\" \/>\n<meta property=\"og:url\" content=\"https:\/\/caminhovivo.com\/index.php\/produto\/caminho-das-silabas-volume-2\/\" \/>\n<meta property=\"og:site_name\" content=\"Caminho Vivo\" \/>\n<meta property=\"article:modified_time\" content=\"2025-08-16T03:00:30+00:00\" \/>\n<meta property=\"og:image\" content=\"http:\/\/caminhovivo.com\/wp-content\/uploads\/2023\/12\/Pre-1.png\" \/>\n\t<meta property=\"og:image:width\" content=\"1080\" \/>\n\t<meta property=\"og:image:height\" content=\"1080\" \/>\n\t<meta property=\"og:image:type\" content=\"image\/png\" \/>\n<meta name=\"twitter:card\" content=\"summary_large_image\" \/>\n<meta name=\"twitter:label1\" content=\"Est. tempo de leitura\" \/>\n\t<meta name=\"twitter:data1\" content=\"1 minuto\" \/>\n<script type=\"application\/ld+json\" class=\"yoast-schema-graph\">{\"@context\":\"https:\/\/schema.org\",\"@graph\":[{\"@type\":\"WebPage\",\"@id\":\"https:\/\/caminhovivo.com\/index.php\/produto\/caminho-das-silabas-volume-2\/\",\"url\":\"https:\/\/caminhovivo.com\/index.php\/produto\/caminho-das-silabas-volume-2\/\",\"name\":\"Caminho das S\u00edlabas Volume 2 - Caminho Vivo\",\"isPartOf\":{\"@id\":\"https:\/\/caminhovivo.com\/#website\"},\"primaryImageOfPage\":{\"@id\":\"https:\/\/caminhovivo.com\/index.php\/produto\/caminho-das-silabas-volume-2\/#primaryimage\"},\"image\":{\"@id\":\"https:\/\/caminhovivo.com\/index.php\/produto\/caminho-das-silabas-volume-2\/#primaryimage\"},\"thumbnailUrl\":\"https:\/\/caminhovivo.com\/wp-content\/uploads\/2023\/12\/Pre-1.png\",\"datePublished\":\"2023-12-16T10:07:10+00:00\",\"dateModified\":\"2025-08-16T03:00:30+00:00\",\"breadcrumb\":{\"@id\":\"https:\/\/caminhovivo.com\/index.php\/produto\/caminho-das-silabas-volume-2\/#breadcrumb\"},\"inLanguage\":\"pt-BR\",\"potentialAction\":[{\"@type\":\"ReadAction\",\"target\":[\"https:\/\/caminhovivo.com\/index.php\/produto\/caminho-das-silabas-volume-2\/\"]}]},{\"@type\":\"ImageObject\",\"inLanguage\":\"pt-BR\",\"@id\":\"https:\/\/caminhovivo.com\/index.php\/produto\/caminho-das-silabas-volume-2\/#primaryimage\",\"url\":\"https:\/\/caminhovivo.com\/wp-content\/uploads\/2023\/12\/Pre-1.png\",\"contentUrl\":\"https:\/\/caminhovivo.com\/wp-content\/uploads\/2023\/12\/Pre-1.png\",\"width\":1080,\"height\":1080},{\"@type\":\"BreadcrumbList\",\"@id\":\"https:\/\/caminhovivo.com\/index.php\/produto\/caminho-das-silabas-volume-2\/#breadcrumb\",\"itemListElement\":[{\"@type\":\"ListItem\",\"position\":1,\"name\":\"In\u00edcio\",\"item\":\"https:\/\/caminhovivo.com\/\"},{\"@type\":\"ListItem\",\"position\":2,\"name\":\"Loja\",\"item\":\"https:\/\/caminhovivo.com\/index.php\/loja\/\"},{\"@type\":\"ListItem\",\"position\":3,\"name\":\"Caminho das S\u00edlabas Volume 2\"}]},{\"@type\":\"WebSite\",\"@id\":\"https:\/\/caminhovivo.com\/#website\",\"url\":\"https:\/\/caminhovivo.com\/\",\"name\":\"Caminho Vivo\",\"description\":\"Curr\u00edculo para Educa\u00e7\u00e3o Domiciliar\",\"publisher\":{\"@id\":\"https:\/\/caminhovivo.com\/#organization\"},\"potentialAction\":[{\"@type\":\"SearchAction\",\"target\":{\"@type\":\"EntryPoint\",\"urlTemplate\":\"https:\/\/caminhovivo.com\/?s={search_term_string}\"},\"query-input\":{\"@type\":\"PropertyValueSpecification\",\"valueRequired\":true,\"valueName\":\"search_term_string\"}}],\"inLanguage\":\"pt-BR\"},{\"@type\":\"Organization\",\"@id\":\"https:\/\/caminhovivo.com\/#organization\",\"name\":\"Caminho Vivo\",\"url\":\"https:\/\/caminhovivo.com\/\",\"logo\":{\"@type\":\"ImageObject\",\"inLanguage\":\"pt-BR\",\"@id\":\"https:\/\/caminhovivo.com\/#\/schema\/logo\/image\/\",\"url\":\"https:\/\/caminhovivo.com\/wp-content\/uploads\/2024\/01\/HOMESCHOOL-3.png\",\"contentUrl\":\"https:\/\/caminhovivo.com\/wp-content\/uploads\/2024\/01\/HOMESCHOOL-3.png\",\"width\":2000,\"height\":1333,\"caption\":\"Caminho Vivo\"},\"image\":{\"@id\":\"https:\/\/caminhovivo.com\/#\/schema\/logo\/image\/\"}}]}<\/script>\n<!-- \/ Yoast SEO plugin. -->","yoast_head_json":{"title":"Caminho das S\u00edlabas Volume 2 - Caminho Vivo","robots":{"index":"index","follow":"follow","max-snippet":"max-snippet:-1","max-image-preview":"max-image-preview:large","max-video-preview":"max-video-preview:-1"},"canonical":"https:\/\/caminhovivo.com\/index.php\/produto\/caminho-das-silabas-volume-2\/","og_locale":"pt_BR","og_type":"article","og_title":"Caminho das S\u00edlabas Volume 2 - Caminho Vivo","og_description":"Caminho das S\u00edlabas \u00e9 uma maneira f\u00e1cil, agrad\u00e1vel e atraente de ensinar seu filho a ler. Com centenas de exerc\u00edcios ricamente ilustrados, o Caminho das S\u00edlabas trar\u00e1 a seu filho essa automatiza\u00e7\u00e3o da leitura com boa assimila\u00e7\u00e3o e interpreta\u00e7\u00e3o. Os exerc\u00edcios alternam as \u00e1reas cerebrais da vis\u00e3o, coordena\u00e7\u00e3o motora e lateralidade, racioc\u00ednio e compreens\u00e3o lingu\u00edstica &hellip; Caminho das S\u00edlabas Volume 2 Leia mais &raquo;","og_url":"https:\/\/caminhovivo.com\/index.php\/produto\/caminho-das-silabas-volume-2\/","og_site_name":"Caminho Vivo","article_modified_time":"2025-08-16T03:00:30+00:00","og_image":[{"width":1080,"height":1080,"url":"http:\/\/caminhovivo.com\/wp-content\/uploads\/2023\/12\/Pre-1.png","type":"image\/png"}],"twitter_card":"summary_large_image","twitter_misc":{"Est. tempo de leitura":"1 minuto"},"schema":{"@context":"https:\/\/schema.org","@graph":[{"@type":"WebPage","@id":"https:\/\/caminhovivo.com\/index.php\/produto\/caminho-das-silabas-volume-2\/","url":"https:\/\/caminhovivo.com\/index.php\/produto\/caminho-das-silabas-volume-2\/","name":"Caminho das S\u00edlabas Volume 2 - Caminho Vivo","isPartOf":{"@id":"https:\/\/caminhovivo.com\/#website"},"primaryImageOfPage":{"@id":"https:\/\/caminhovivo.com\/index.php\/produto\/caminho-das-silabas-volume-2\/#primaryimage"},"image":{"@id":"https:\/\/caminhovivo.com\/index.php\/produto\/caminho-das-silabas-volume-2\/#primaryimage"},"thumbnailUrl":"https:\/\/caminhovivo.com\/wp-content\/uploads\/2023\/12\/Pre-1.png","datePublished":"2023-12-16T10:07:10+00:00","dateModified":"2025-08-16T03:00:30+00:00","breadcrumb":{"@id":"https:\/\/caminhovivo.com\/index.php\/produto\/caminho-das-silabas-volume-2\/#breadcrumb"},"inLanguage":"pt-BR","potentialAction":[{"@type":"ReadAction","target":["https:\/\/caminhovivo.com\/index.php\/produto\/caminho-das-silabas-volume-2\/"]}]},{"@type":"ImageObject","inLanguage":"pt-BR","@id":"https:\/\/caminhovivo.com\/index.php\/produto\/caminho-das-silabas-volume-2\/#primaryimage","url":"https:\/\/caminhovivo.com\/wp-content\/uploads\/2023\/12\/Pre-1.png","contentUrl":"https:\/\/caminhovivo.com\/wp-content\/uploads\/2023\/12\/Pre-1.png","width":1080,"height":1080},{"@type":"BreadcrumbList","@id":"https:\/\/caminhovivo.com\/index.php\/produto\/caminho-das-silabas-volume-2\/#breadcrumb","itemListElement":[{"@type":"ListItem","position":1,"name":"In\u00edcio","item":"https:\/\/caminhovivo.com\/"},{"@type":"ListItem","position":2,"name":"Loja","item":"https:\/\/caminhovivo.com\/index.php\/loja\/"},{"@type":"ListItem","position":3,"name":"Caminho das S\u00edlabas Volume 2"}]},{"@type":"WebSite","@id":"https:\/\/caminhovivo.com\/#website","url":"https:\/\/caminhovivo.com\/","name":"Caminho Vivo","description":"Curr\u00edculo para Educa\u00e7\u00e3o Domiciliar","publisher":{"@id":"https:\/\/caminhovivo.com\/#organization"},"potentialAction":[{"@type":"SearchAction","target":{"@type":"EntryPoint","urlTemplate":"https:\/\/caminhovivo.com\/?s={search_term_string}"},"query-input":{"@type":"PropertyValueSpecification","valueRequired":true,"valueName":"search_term_string"}}],"inLanguage":"pt-BR"},{"@type":"Organization","@id":"https:\/\/caminhovivo.com\/#organization","name":"Caminho Vivo","url":"https:\/\/caminhovivo.com\/","logo":{"@type":"ImageObject","inLanguage":"pt-BR","@id":"https:\/\/caminhovivo.com\/#\/schema\/logo\/image\/","url":"https:\/\/caminhovivo.com\/wp-content\/uploads\/2024\/01\/HOMESCHOOL-3.png","contentUrl":"https:\/\/caminhovivo.com\/wp-content\/uploads\/2024\/01\/HOMESCHOOL-3.png","width":2000,"height":1333,"caption":"Caminho Vivo"},"image":{"@id":"https:\/\/caminhovivo.com\/#\/schema\/logo\/image\/"}}]}},"_links":{"self":[{"href":"https:\/\/caminhovivo.com\/index.php\/wp-json\/wp\/v2\/product\/1543"}],"collection":[{"href":"https:\/\/caminhovivo.com\/index.php\/wp-json\/wp\/v2\/product"}],"about":[{"href":"https:\/\/caminhovivo.com\/index.php\/wp-json\/wp\/v2\/types\/product"}],"replies":[{"embeddable":true,"href":"https:\/\/caminhovivo.com\/index.php\/wp-json\/wp\/v2\/comments?post=1543"}],"wp:featuredmedia":[{"embeddable":true,"href":"https:\/\/caminhovivo.com\/index.php\/wp-json\/wp\/v2\/media\/2473"}],"wp:attachment":[{"href":"https:\/\/caminhovivo.com\/index.php\/wp-json\/wp\/v2\/media?parent=1543"}],"wp:term":[{"taxonomy":"product_cat","embeddable":true,"href":"https:\/\/caminhovivo.com\/index.php\/wp-json\/wp\/v2\/product_cat?post=1543"},{"taxonomy":"product_tag","embeddable":true,"href":"https:\/\/caminhovivo.com\/index.php\/wp-json\/wp\/v2\/product_tag?post=1543"}],"curies":[{"name":"wp","href":"https:\/\/api.w.org\/{rel}","templated":true}]}}