{"id":1515,"date":"2023-05-22T23:23:57","date_gmt":"2023-05-23T02:23:57","guid":{"rendered":"https:\/\/caminhovivo.com\/?post_type=product&#038;p=1515"},"modified":"2023-05-22T23:23:58","modified_gmt":"2023-05-23T02:23:58","slug":"check-list-licoes-semanais-anos-1-a-4","status":"publish","type":"product","link":"https:\/\/caminhovivo.com\/index.php\/produto\/check-list-licoes-semanais-anos-1-a-4\/","title":{"rendered":"Check list li\u00e7\u00f5es semanais Anos 1 a 4"},"content":{"rendered":"<p>Tenha todas as li\u00e7\u00f5es do Caminho Vivo em modelo de check list para facilitar o seu dia a dia.<\/p>\n<p>Este modelo \u00e9 uma sugest\u00e3o podendo ser adaptado ou modificado conforme sua necessidade.<\/p>\n<p>Este pacote compreende os modelos do primeiro ao quarto ano do ensino fundamental (6 a 9 anos de idade)<\/p>\n<p>N\u00e3o h\u00e1 indica\u00e7\u00e3o dos livros a serem utilizados, apenas da organiza\u00e7\u00e3o di\u00e1ria das li\u00e7\u00f5es.<\/p>\n<p>Produto em pdf. N\u00e3o h\u00e1 entrega de material f\u00edsico.<\/p>\n","protected":false},"excerpt":{"rendered":"<p>Tenha todas as li\u00e7\u00f5es do Caminho Vivo em modelo de check list para facilitar o seu dia a dia. Este modelo \u00e9 uma sugest\u00e3o podendo ser adaptado ou modificado conforme sua necessidade. Este pacote compreende os modelos do primeiro ao quarto ano do ensino fundamental (6 a 9 anos de idade) N\u00e3o h\u00e1 indica\u00e7\u00e3o dos &hellip;<\/p>\n<p class=\"read-more\"> <a class=\"\" href=\"https:\/\/caminhovivo.com\/index.php\/produto\/check-list-licoes-semanais-anos-1-a-4\/\"> <span class=\"screen-reader-text\">Check list li\u00e7\u00f5es semanais Anos 1 a 4<\/span> Leia mais &raquo;<\/a><\/p>\n","protected":false},"featured_media":1516,"comment_status":"closed","ping_status":"closed","template":"","meta":{"site-sidebar-layout":"default","site-content-layout":"default","ast-global-header-display":"","ast-main-header-display":"","ast-hfb-above-header-display":"","ast-hfb-below-header-display":"","ast-hfb-mobile-header-display":"","site-post-title":"","ast-breadcrumbs-content":"","ast-featured-img":"","footer-sml-layout":"","theme-transparent-header-meta":"default","adv-header-id-meta":"","stick-header-meta":"","header-above-stick-meta":"","header-main-stick-meta":"","header-below-stick-meta":""},"product_cat":[42],"product_tag":[],"class_list":{"0":"post-1515","1":"product","2":"type-product","3":"status-publish","4":"has-post-thumbnail","6":"product_cat-sem-categoria","7":"desktop-align-left","8":"tablet-align-left","9":"mobile-align-left","11":"first","12":"instock","13":"shipping-taxable","14":"product-type-external"},"yoast_head":"<!-- This site is optimized with the Yoast SEO plugin v23.5 - https:\/\/yoast.com\/wordpress\/plugins\/seo\/ -->\n<title>Check list li\u00e7\u00f5es semanais Anos 1 a 4 - Caminho Vivo<\/title>\n<meta name=\"robots\" content=\"index, follow, max-snippet:-1, max-image-preview:large, max-video-preview:-1\" \/>\n<link rel=\"canonical\" href=\"https:\/\/caminhovivo.com\/index.php\/produto\/check-list-licoes-semanais-anos-1-a-4\/\" \/>\n<meta property=\"og:locale\" content=\"pt_BR\" \/>\n<meta property=\"og:type\" content=\"article\" \/>\n<meta property=\"og:title\" content=\"Check list li\u00e7\u00f5es semanais Anos 1 a 4 - Caminho Vivo\" \/>\n<meta property=\"og:description\" content=\"Tenha todas as li\u00e7\u00f5es do Caminho Vivo em modelo de check list para facilitar o seu dia a dia. Este modelo \u00e9 uma sugest\u00e3o podendo ser adaptado ou modificado conforme sua necessidade. Este pacote compreende os modelos do primeiro ao quarto ano do ensino fundamental (6 a 9 anos de idade) N\u00e3o h\u00e1 indica\u00e7\u00e3o dos &hellip; Check list li\u00e7\u00f5es semanais Anos 1 a 4 Leia mais &raquo;\" \/>\n<meta property=\"og:url\" content=\"https:\/\/caminhovivo.com\/index.php\/produto\/check-list-licoes-semanais-anos-1-a-4\/\" \/>\n<meta property=\"og:site_name\" content=\"Caminho Vivo\" \/>\n<meta property=\"article:modified_time\" content=\"2023-05-23T02:23:58+00:00\" \/>\n<meta property=\"og:image\" content=\"https:\/\/caminhovivo.com\/wp-content\/uploads\/2023\/05\/Check-list-Horario-das-licoes.png\" \/>\n\t<meta property=\"og:image:width\" content=\"1080\" \/>\n\t<meta property=\"og:image:height\" content=\"1080\" \/>\n\t<meta property=\"og:image:type\" content=\"image\/png\" \/>\n<meta name=\"twitter:card\" content=\"summary_large_image\" \/>\n<script type=\"application\/ld+json\" class=\"yoast-schema-graph\">{\"@context\":\"https:\/\/schema.org\",\"@graph\":[{\"@type\":\"WebPage\",\"@id\":\"https:\/\/caminhovivo.com\/index.php\/produto\/check-list-licoes-semanais-anos-1-a-4\/\",\"url\":\"https:\/\/caminhovivo.com\/index.php\/produto\/check-list-licoes-semanais-anos-1-a-4\/\",\"name\":\"Check list li\u00e7\u00f5es semanais Anos 1 a 4 - Caminho Vivo\",\"isPartOf\":{\"@id\":\"https:\/\/caminhovivo.com\/#website\"},\"primaryImageOfPage\":{\"@id\":\"https:\/\/caminhovivo.com\/index.php\/produto\/check-list-licoes-semanais-anos-1-a-4\/#primaryimage\"},\"image\":{\"@id\":\"https:\/\/caminhovivo.com\/index.php\/produto\/check-list-licoes-semanais-anos-1-a-4\/#primaryimage\"},\"thumbnailUrl\":\"https:\/\/caminhovivo.com\/wp-content\/uploads\/2023\/05\/Check-list-Horario-das-licoes.png\",\"datePublished\":\"2023-05-23T02:23:57+00:00\",\"dateModified\":\"2023-05-23T02:23:58+00:00\",\"breadcrumb\":{\"@id\":\"https:\/\/caminhovivo.com\/index.php\/produto\/check-list-licoes-semanais-anos-1-a-4\/#breadcrumb\"},\"inLanguage\":\"pt-BR\",\"potentialAction\":[{\"@type\":\"ReadAction\",\"target\":[\"https:\/\/caminhovivo.com\/index.php\/produto\/check-list-licoes-semanais-anos-1-a-4\/\"]}]},{\"@type\":\"ImageObject\",\"inLanguage\":\"pt-BR\",\"@id\":\"https:\/\/caminhovivo.com\/index.php\/produto\/check-list-licoes-semanais-anos-1-a-4\/#primaryimage\",\"url\":\"https:\/\/caminhovivo.com\/wp-content\/uploads\/2023\/05\/Check-list-Horario-das-licoes.png\",\"contentUrl\":\"https:\/\/caminhovivo.com\/wp-content\/uploads\/2023\/05\/Check-list-Horario-das-licoes.png\",\"width\":1080,\"height\":1080},{\"@type\":\"BreadcrumbList\",\"@id\":\"https:\/\/caminhovivo.com\/index.php\/produto\/check-list-licoes-semanais-anos-1-a-4\/#breadcrumb\",\"itemListElement\":[{\"@type\":\"ListItem\",\"position\":1,\"name\":\"In\u00edcio\",\"item\":\"https:\/\/caminhovivo.com\/\"},{\"@type\":\"ListItem\",\"position\":2,\"name\":\"Loja\",\"item\":\"https:\/\/caminhovivo.com\/index.php\/loja\/\"},{\"@type\":\"ListItem\",\"position\":3,\"name\":\"Check list li\u00e7\u00f5es semanais Anos 1 a 4\"}]},{\"@type\":\"WebSite\",\"@id\":\"https:\/\/caminhovivo.com\/#website\",\"url\":\"https:\/\/caminhovivo.com\/\",\"name\":\"Caminho Vivo\",\"description\":\"Curr\u00edculo para Educa\u00e7\u00e3o Domiciliar\",\"publisher\":{\"@id\":\"https:\/\/caminhovivo.com\/#organization\"},\"potentialAction\":[{\"@type\":\"SearchAction\",\"target\":{\"@type\":\"EntryPoint\",\"urlTemplate\":\"https:\/\/caminhovivo.com\/?s={search_term_string}\"},\"query-input\":{\"@type\":\"PropertyValueSpecification\",\"valueRequired\":true,\"valueName\":\"search_term_string\"}}],\"inLanguage\":\"pt-BR\"},{\"@type\":\"Organization\",\"@id\":\"https:\/\/caminhovivo.com\/#organization\",\"name\":\"Caminho Vivo\",\"url\":\"https:\/\/caminhovivo.com\/\",\"logo\":{\"@type\":\"ImageObject\",\"inLanguage\":\"pt-BR\",\"@id\":\"https:\/\/caminhovivo.com\/#\/schema\/logo\/image\/\",\"url\":\"https:\/\/caminhovivo.com\/wp-content\/uploads\/2024\/01\/HOMESCHOOL-3.png\",\"contentUrl\":\"https:\/\/caminhovivo.com\/wp-content\/uploads\/2024\/01\/HOMESCHOOL-3.png\",\"width\":2000,\"height\":1333,\"caption\":\"Caminho Vivo\"},\"image\":{\"@id\":\"https:\/\/caminhovivo.com\/#\/schema\/logo\/image\/\"}}]}<\/script>\n<!-- \/ Yoast SEO plugin. -->","yoast_head_json":{"title":"Check list li\u00e7\u00f5es semanais Anos 1 a 4 - Caminho Vivo","robots":{"index":"index","follow":"follow","max-snippet":"max-snippet:-1","max-image-preview":"max-image-preview:large","max-video-preview":"max-video-preview:-1"},"canonical":"https:\/\/caminhovivo.com\/index.php\/produto\/check-list-licoes-semanais-anos-1-a-4\/","og_locale":"pt_BR","og_type":"article","og_title":"Check list li\u00e7\u00f5es semanais Anos 1 a 4 - Caminho Vivo","og_description":"Tenha todas as li\u00e7\u00f5es do Caminho Vivo em modelo de check list para facilitar o seu dia a dia. Este modelo \u00e9 uma sugest\u00e3o podendo ser adaptado ou modificado conforme sua necessidade. Este pacote compreende os modelos do primeiro ao quarto ano do ensino fundamental (6 a 9 anos de idade) N\u00e3o h\u00e1 indica\u00e7\u00e3o dos &hellip; Check list li\u00e7\u00f5es semanais Anos 1 a 4 Leia mais &raquo;","og_url":"https:\/\/caminhovivo.com\/index.php\/produto\/check-list-licoes-semanais-anos-1-a-4\/","og_site_name":"Caminho Vivo","article_modified_time":"2023-05-23T02:23:58+00:00","og_image":[{"width":1080,"height":1080,"url":"https:\/\/caminhovivo.com\/wp-content\/uploads\/2023\/05\/Check-list-Horario-das-licoes.png","type":"image\/png"}],"twitter_card":"summary_large_image","schema":{"@context":"https:\/\/schema.org","@graph":[{"@type":"WebPage","@id":"https:\/\/caminhovivo.com\/index.php\/produto\/check-list-licoes-semanais-anos-1-a-4\/","url":"https:\/\/caminhovivo.com\/index.php\/produto\/check-list-licoes-semanais-anos-1-a-4\/","name":"Check list li\u00e7\u00f5es semanais Anos 1 a 4 - Caminho Vivo","isPartOf":{"@id":"https:\/\/caminhovivo.com\/#website"},"primaryImageOfPage":{"@id":"https:\/\/caminhovivo.com\/index.php\/produto\/check-list-licoes-semanais-anos-1-a-4\/#primaryimage"},"image":{"@id":"https:\/\/caminhovivo.com\/index.php\/produto\/check-list-licoes-semanais-anos-1-a-4\/#primaryimage"},"thumbnailUrl":"https:\/\/caminhovivo.com\/wp-content\/uploads\/2023\/05\/Check-list-Horario-das-licoes.png","datePublished":"2023-05-23T02:23:57+00:00","dateModified":"2023-05-23T02:23:58+00:00","breadcrumb":{"@id":"https:\/\/caminhovivo.com\/index.php\/produto\/check-list-licoes-semanais-anos-1-a-4\/#breadcrumb"},"inLanguage":"pt-BR","potentialAction":[{"@type":"ReadAction","target":["https:\/\/caminhovivo.com\/index.php\/produto\/check-list-licoes-semanais-anos-1-a-4\/"]}]},{"@type":"ImageObject","inLanguage":"pt-BR","@id":"https:\/\/caminhovivo.com\/index.php\/produto\/check-list-licoes-semanais-anos-1-a-4\/#primaryimage","url":"https:\/\/caminhovivo.com\/wp-content\/uploads\/2023\/05\/Check-list-Horario-das-licoes.png","contentUrl":"https:\/\/caminhovivo.com\/wp-content\/uploads\/2023\/05\/Check-list-Horario-das-licoes.png","width":1080,"height":1080},{"@type":"BreadcrumbList","@id":"https:\/\/caminhovivo.com\/index.php\/produto\/check-list-licoes-semanais-anos-1-a-4\/#breadcrumb","itemListElement":[{"@type":"ListItem","position":1,"name":"In\u00edcio","item":"https:\/\/caminhovivo.com\/"},{"@type":"ListItem","position":2,"name":"Loja","item":"https:\/\/caminhovivo.com\/index.php\/loja\/"},{"@type":"ListItem","position":3,"name":"Check list li\u00e7\u00f5es semanais Anos 1 a 4"}]},{"@type":"WebSite","@id":"https:\/\/caminhovivo.com\/#website","url":"https:\/\/caminhovivo.com\/","name":"Caminho Vivo","description":"Curr\u00edculo para Educa\u00e7\u00e3o Domiciliar","publisher":{"@id":"https:\/\/caminhovivo.com\/#organization"},"potentialAction":[{"@type":"SearchAction","target":{"@type":"EntryPoint","urlTemplate":"https:\/\/caminhovivo.com\/?s={search_term_string}"},"query-input":{"@type":"PropertyValueSpecification","valueRequired":true,"valueName":"search_term_string"}}],"inLanguage":"pt-BR"},{"@type":"Organization","@id":"https:\/\/caminhovivo.com\/#organization","name":"Caminho Vivo","url":"https:\/\/caminhovivo.com\/","logo":{"@type":"ImageObject","inLanguage":"pt-BR","@id":"https:\/\/caminhovivo.com\/#\/schema\/logo\/image\/","url":"https:\/\/caminhovivo.com\/wp-content\/uploads\/2024\/01\/HOMESCHOOL-3.png","contentUrl":"https:\/\/caminhovivo.com\/wp-content\/uploads\/2024\/01\/HOMESCHOOL-3.png","width":2000,"height":1333,"caption":"Caminho Vivo"},"image":{"@id":"https:\/\/caminhovivo.com\/#\/schema\/logo\/image\/"}}]}},"_links":{"self":[{"href":"https:\/\/caminhovivo.com\/index.php\/wp-json\/wp\/v2\/product\/1515"}],"collection":[{"href":"https:\/\/caminhovivo.com\/index.php\/wp-json\/wp\/v2\/product"}],"about":[{"href":"https:\/\/caminhovivo.com\/index.php\/wp-json\/wp\/v2\/types\/product"}],"replies":[{"embeddable":true,"href":"https:\/\/caminhovivo.com\/index.php\/wp-json\/wp\/v2\/comments?post=1515"}],"wp:featuredmedia":[{"embeddable":true,"href":"https:\/\/caminhovivo.com\/index.php\/wp-json\/wp\/v2\/media\/1516"}],"wp:attachment":[{"href":"https:\/\/caminhovivo.com\/index.php\/wp-json\/wp\/v2\/media?parent=1515"}],"wp:term":[{"taxonomy":"product_cat","embeddable":true,"href":"https:\/\/caminhovivo.com\/index.php\/wp-json\/wp\/v2\/product_cat?post=1515"},{"taxonomy":"product_tag","embeddable":true,"href":"https:\/\/caminhovivo.com\/index.php\/wp-json\/wp\/v2\/product_tag?post=1515"}],"curies":[{"name":"wp","href":"https:\/\/api.w.org\/{rel}","templated":true}]}}