{"id":2193,"date":"2024-09-12T00:43:31","date_gmt":"2024-09-12T03:43:31","guid":{"rendered":"https:\/\/caminhovivo.com\/?page_id=2193"},"modified":"2024-09-12T00:56:21","modified_gmt":"2024-09-12T03:56:21","slug":"ano-8","status":"publish","type":"page","link":"https:\/\/caminhovivo.com\/index.php\/ano-8\/","title":{"rendered":"Ano 8"},"content":{"rendered":"\t\t<div data-elementor-type=\"wp-page\" data-elementor-id=\"2193\" class=\"elementor elementor-2193\">\n\t\t\t\t\t\t<section class=\"elementor-section elementor-top-section elementor-element elementor-element-8a3339b elementor-section-boxed elementor-section-height-default elementor-section-height-default\" data-id=\"8a3339b\" data-element_type=\"section\">\n\t\t\t\t\t\t<div class=\"elementor-container elementor-column-gap-default\">\n\t\t\t\t\t<div class=\"elementor-column elementor-col-100 elementor-top-column elementor-element elementor-element-d0f0234\" data-id=\"d0f0234\" data-element_type=\"column\">\n\t\t\t<div class=\"elementor-widget-wrap elementor-element-populated\">\n\t\t\t\t\t\t<div class=\"elementor-element elementor-element-8033175 elementor-widget elementor-widget-heading\" data-id=\"8033175\" data-element_type=\"widget\" data-widget_type=\"heading.default\">\n\t\t\t\t<div class=\"elementor-widget-container\">\n\t\t\t\t\t<h1 class=\"elementor-heading-title elementor-size-default\">Ano 8<\/h1>\t\t\t\t<\/div>\n\t\t\t\t<\/div>\n\t\t\t\t\t<\/div>\n\t\t<\/div>\n\t\t\t\t\t<\/div>\n\t\t<\/section>\n\t\t\t\t<section class=\"elementor-section elementor-top-section elementor-element elementor-element-7fe7685 elementor-section-boxed elementor-section-height-default elementor-section-height-default\" data-id=\"7fe7685\" data-element_type=\"section\">\n\t\t\t\t\t\t<div class=\"elementor-container elementor-column-gap-default\">\n\t\t\t\t\t<div class=\"elementor-column elementor-col-100 elementor-top-column elementor-element elementor-element-b5c1805\" data-id=\"b5c1805\" data-element_type=\"column\" data-settings=\"{&quot;background_background&quot;:&quot;classic&quot;}\">\n\t\t\t<div class=\"elementor-widget-wrap elementor-element-populated\">\n\t\t\t\t\t\t<section class=\"elementor-section elementor-inner-section elementor-element elementor-element-b18f401 elementor-section-boxed elementor-section-height-default elementor-section-height-default\" data-id=\"b18f401\" data-element_type=\"section\">\n\t\t\t\t\t\t<div class=\"elementor-container elementor-column-gap-default\">\n\t\t\t\t\t<div class=\"elementor-column elementor-col-33 elementor-inner-column elementor-element elementor-element-8dd73b1\" data-id=\"8dd73b1\" data-element_type=\"column\">\n\t\t\t<div class=\"elementor-widget-wrap elementor-element-populated\">\n\t\t\t\t\t\t<div class=\"elementor-element elementor-element-cd3f4be elementor-widget__width-initial elementor-widget elementor-widget-text-editor\" data-id=\"cd3f4be\" data-element_type=\"widget\" data-widget_type=\"text-editor.default\">\n\t\t\t\t<div class=\"elementor-widget-container\">\n\t\t\t\t\t\t\t\t\t<p>O ano8 corresponde ao oitavo ano do ensino fundamental e \u00e9 indicado para crian\u00e7as de 13 anos de idade.<\/p><p>Os ano 7 e 8 compreendiam no curr\u00edculo escolar de Charlotte Mason o formul\u00e1rio (ou n\u00edvel) 3. Por esse motivo o Ano 8 \u00e9 como a continua\u00e7\u00e3o do Ano 7, sem grandes altera\u00e7\u00f5es ou novidades.<\/p><p>\u00a0<\/p>\t\t\t\t\t\t\t\t<\/div>\n\t\t\t\t<\/div>\n\t\t\t\t\t<\/div>\n\t\t<\/div>\n\t\t\t\t<div class=\"elementor-column elementor-col-33 elementor-inner-column elementor-element elementor-element-ae6f03d\" data-id=\"ae6f03d\" data-element_type=\"column\">\n\t\t\t<div class=\"elementor-widget-wrap\">\n\t\t\t\t\t\t\t<\/div>\n\t\t<\/div>\n\t\t\t\t<div class=\"elementor-column elementor-col-33 elementor-inner-column elementor-element elementor-element-ca2b8b5\" data-id=\"ca2b8b5\" data-element_type=\"column\">\n\t\t\t<div class=\"elementor-widget-wrap elementor-element-populated\">\n\t\t\t\t\t\t<div class=\"elementor-element elementor-element-b9a30db elementor-widget__width-initial elementor-widget elementor-widget-image\" data-id=\"b9a30db\" data-element_type=\"widget\" data-widget_type=\"image.default\">\n\t\t\t\t<div class=\"elementor-widget-container\">\n\t\t\t\t\t\t\t\t\t\t\t\t\t\t\t<img fetchpriority=\"high\" decoding=\"async\" width=\"800\" height=\"662\" src=\"https:\/\/caminhovivo.com\/wp-content\/uploads\/2024\/09\/Camille_Pissarro_009.jpg\" class=\"attachment-1536x1536 size-1536x1536 wp-image-2197\" alt=\"\" srcset=\"https:\/\/caminhovivo.com\/wp-content\/uploads\/2024\/09\/Camille_Pissarro_009.jpg 800w, https:\/\/caminhovivo.com\/wp-content\/uploads\/2024\/09\/Camille_Pissarro_009-300x248.jpg 300w, https:\/\/caminhovivo.com\/wp-content\/uploads\/2024\/09\/Camille_Pissarro_009-768x636.jpg 768w, https:\/\/caminhovivo.com\/wp-content\/uploads\/2024\/09\/Camille_Pissarro_009-600x497.jpg 600w\" sizes=\"(max-width: 800px) 100vw, 800px\" \/>\t\t\t\t\t\t\t\t\t\t\t\t\t\t\t<\/div>\n\t\t\t\t<\/div>\n\t\t\t\t\t<\/div>\n\t\t<\/div>\n\t\t\t\t\t<\/div>\n\t\t<\/section>\n\t\t\t\t\t<\/div>\n\t\t<\/div>\n\t\t\t\t\t<\/div>\n\t\t<\/section>\n\t\t\t\t<section class=\"elementor-section elementor-top-section elementor-element elementor-element-9659e73 elementor-section-boxed elementor-section-height-default elementor-section-height-default\" data-id=\"9659e73\" data-element_type=\"section\">\n\t\t\t\t\t\t<div class=\"elementor-container elementor-column-gap-default\">\n\t\t\t\t\t<div class=\"elementor-column elementor-col-100 elementor-top-column elementor-element elementor-element-a571827\" data-id=\"a571827\" data-element_type=\"column\" data-settings=\"{&quot;background_background&quot;:&quot;classic&quot;}\">\n\t\t\t<div class=\"elementor-widget-wrap elementor-element-populated\">\n\t\t\t\t\t\t<div class=\"elementor-element elementor-element-37b9752 elementor-widget elementor-widget-heading\" data-id=\"37b9752\" data-element_type=\"widget\" data-widget_type=\"heading.default\">\n\t\t\t\t<div class=\"elementor-widget-container\">\n\t\t\t\t\t<h2 class=\"elementor-heading-title elementor-size-default\">Vis\u00e3o Geral<\/h2>\t\t\t\t<\/div>\n\t\t\t\t<\/div>\n\t\t\t\t<section class=\"elementor-section elementor-inner-section elementor-element elementor-element-54a69b8 elementor-section-boxed elementor-section-height-default elementor-section-height-default\" data-id=\"54a69b8\" data-element_type=\"section\">\n\t\t\t\t\t\t<div class=\"elementor-container elementor-column-gap-default\">\n\t\t\t\t\t<div class=\"elementor-column elementor-col-50 elementor-inner-column elementor-element elementor-element-4426c64\" data-id=\"4426c64\" data-element_type=\"column\">\n\t\t\t<div class=\"elementor-widget-wrap elementor-element-populated\">\n\t\t\t\t\t\t<div class=\"elementor-element elementor-element-a8f4157 elementor-widget elementor-widget-heading\" data-id=\"a8f4157\" data-element_type=\"widget\" data-widget_type=\"heading.default\">\n\t\t\t\t<div class=\"elementor-widget-container\">\n\t\t\t\t\t<h2 class=\"elementor-heading-title elementor-size-default\">Cada coluna corresponde a um trimestre de aulas<\/h2>\t\t\t\t<\/div>\n\t\t\t\t<\/div>\n\t\t\t\t\t<\/div>\n\t\t<\/div>\n\t\t\t\t<div class=\"elementor-column elementor-col-50 elementor-inner-column elementor-element elementor-element-706f613\" data-id=\"706f613\" data-element_type=\"column\">\n\t\t\t<div class=\"elementor-widget-wrap\">\n\t\t\t\t\t\t\t<\/div>\n\t\t<\/div>\n\t\t\t\t\t<\/div>\n\t\t<\/section>\n\t\t\t\t<div class=\"elementor-element elementor-element-9460f69 elementor-widget__width-initial elementor-widget elementor-widget-text-editor\" data-id=\"9460f69\" data-element_type=\"widget\" data-widget_type=\"text-editor.default\">\n\t\t\t\t<div class=\"elementor-widget-container\">\n\t\t\t\t\t\t\t\t\t<table><tbody><tr><td width=\"142\"><p>B\u00edblia<\/p><\/td><td width=\"142\"><p>Prov\u00e9rbios<\/p><p>Ef\u00e9sios<\/p><\/td><td width=\"142\"><p>Eclesiastes<\/p><p>Filipenses<\/p><\/td><td width=\"142\"><p>Cantares<\/p><p>Colossenses<\/p><\/td><\/tr><tr><td width=\"142\"><p>Biografias<\/p><\/td><td width=\"142\"><p>Vidas de Mission\u00e1rios<\/p><\/td><td width=\"142\"><p>Vidas de Mission\u00e1rios<\/p><\/td><td width=\"142\"><p>Vidas de Mission\u00e1rios<\/p><\/td><\/tr><tr><td width=\"142\"><p>Hist\u00f3ria<\/p><\/td><td width=\"142\"><p>Brasil &#8211; Rep\u00fablica<\/p><p>Idade Contempor\u00e2nea<\/p><\/td><td width=\"142\"><p>Brasil &#8211; Rep\u00fablica<\/p><p>Idade Contempor\u00e2nea<\/p><\/td><td width=\"142\">Brasil &#8211; Rep\u00fablica<p>Idade Contempor\u00e2nea<\/p><\/td><\/tr><tr><td width=\"142\"><p>Cidadania<\/p><\/td><td width=\"142\"><p>Plutarco<\/p><p>Cidadania<\/p><\/td><td width=\"142\"><p>Plutarco<\/p><p>Cidadania<\/p><\/td><td width=\"142\"><p>Plutarco<\/p><p>Cidadania<\/p><\/td><\/tr><tr><td width=\"142\"><p>Linguagem e literatura<\/p><\/td><td width=\"142\"><p>A literatura segue o per\u00edodo hist\u00f3rico estudado<\/p><p>Escolas liter\u00e1rias<\/p><p>Recita\u00e7\u00e3o de trechos b\u00edblicos, poemas e trechos de livros<\/p><p>Gram\u00e1tica<\/p><p>Ditado<\/p><p>Reda\u00e7\u00e3o<\/p><\/td><td width=\"142\"><p>A literatura segue o per\u00edodo hist\u00f3rico estudado<\/p><p>Escolas liter\u00e1rias<\/p><p>Recita\u00e7\u00e3o de trechos b\u00edblicos, poemas e trechos de livros<\/p><p>Gram\u00e1tica<\/p><p>Ditado<\/p><p>Reda\u00e7\u00e3o<\/p><\/td><td width=\"142\"><p>A literatura segue o per\u00edodo hist\u00f3rico estudado<\/p><p>Escolas liter\u00e1rias<\/p><p>Recita\u00e7\u00e3o de trechos b\u00edblicos, poemas e trechos de livros<br \/>Gram\u00e1tica<\/p><p>Ditado<\/p><p>Reda\u00e7\u00e3o<\/p><\/td><\/tr><tr><td width=\"142\"><p>Ci\u00eancias<\/p><\/td><td width=\"142\"><p>Biologia &#8211; Reprodu\u00e7\u00e3o<\/p><p>F\u00edsica Energia<\/p><p>Astronomia<\/p><p>Experi\u00eancias<\/p><\/td><td width=\"142\"><p>Bot\u00e2nica<\/p><p>F\u00edsica &#8211; Energia<\/p><p>Geologia<\/p><p>Experi\u00eancias<\/p><\/td><td width=\"142\"><p>F\u00edsica &#8211; Energia<\/p><p>Clima<\/p><p>Ventos, Mares e oceanos<\/p><p>Experi\u00eancias<\/p><\/td><\/tr><tr><td width=\"142\"><p>Geografia<\/p><\/td><td width=\"142\"><p>Am\u00e9rica<\/p><p>Mapas<\/p><\/td><td width=\"142\"><p>Am\u00e9rica<\/p><p>Mapas<\/p><\/td><td width=\"142\"><p>Am\u00e9rica<\/p><p>Mapas<\/p><\/td><\/tr><tr><td width=\"142\"><p>M\u00fasica<\/p><\/td><td width=\"142\"><p>Vida e obra de Stravinsky<\/p><\/td><td width=\"142\"><p>Vida e obra de Dmitri Shostakovich<\/p><\/td><td width=\"142\"><p>Vida e obra de Carlos Gomes<\/p><\/td><\/tr><tr><td width=\"142\"><p>Artes<\/p><\/td><td width=\"142\"><p>Vida e obra de Camille Pissarro<\/p><\/td><td width=\"142\"><p>Vida e obra de Pedro Weingartner<\/p><\/td><td width=\"142\"><p>Vida e obra de\u00a0<\/p><\/td><\/tr><tr><td width=\"142\"><p>Matem\u00e1tica<\/p><\/td><td width=\"142\"><p>As li\u00e7\u00f5es podem variar conforme o material escolhido<\/p><p>Euclides<\/p><\/td><td width=\"142\"><p>As li\u00e7\u00f5es podem variar conforme o material escolhido<\/p><p>Euclides<\/p><\/td><td width=\"142\"><p>As li\u00e7\u00f5es podem variar conforme o material escolhido<\/p><p>Euclides<\/p><\/td><\/tr><tr><td width=\"142\"><p>L\u00ednguas estrangeiras<\/p><\/td><td width=\"142\"><p>Gram\u00e1tica do Ingl\u00eas<br \/>Latim<\/p><p>Espanhol<\/p><\/td><td width=\"142\"><p>Gram\u00e1tica do Ingl\u00eas<br \/>Latim<\/p><p>Espanhol<\/p><\/td><td width=\"142\"><p>Gram\u00e1tica do Ingl\u00eas<br \/>Latim<\/p><p>Espanhol<\/p><\/td><\/tr><\/tbody><\/table>\t\t\t\t\t\t\t\t<\/div>\n\t\t\t\t<\/div>\n\t\t\t\t\t<\/div>\n\t\t<\/div>\n\t\t\t\t\t<\/div>\n\t\t<\/section>\n\t\t\t\t<\/div>\n\t\t","protected":false},"excerpt":{"rendered":"<p>Ano 8 O ano8 corresponde ao oitavo ano do ensino fundamental e \u00e9 indicado para crian\u00e7as de 13 anos de idade. Os ano 7 e 8 compreendiam no curr\u00edculo escolar de Charlotte Mason o formul\u00e1rio (ou n\u00edvel) 3. Por esse motivo o Ano 8 \u00e9 como a continua\u00e7\u00e3o do Ano 7, sem grandes altera\u00e7\u00f5es ou &hellip;<\/p>\n<p class=\"read-more\"> <a class=\"\" href=\"https:\/\/caminhovivo.com\/index.php\/ano-8\/\"> <span class=\"screen-reader-text\">Ano 8<\/span> Leia mais &raquo;<\/a><\/p>\n","protected":false},"author":1,"featured_media":0,"parent":0,"menu_order":0,"comment_status":"closed","ping_status":"closed","template":"","meta":{"site-sidebar-layout":"no-sidebar","site-content-layout":"page-builder","ast-global-header-display":"","ast-main-header-display":"","ast-hfb-above-header-display":"","ast-hfb-below-header-display":"","ast-hfb-mobile-header-display":"","site-post-title":"disabled","ast-breadcrumbs-content":"","ast-featured-img":"disabled","footer-sml-layout":"","theme-transparent-header-meta":"","adv-header-id-meta":"","stick-header-meta":"","header-above-stick-meta":"","header-main-stick-meta":"","header-below-stick-meta":"","footnotes":""},"class_list":["post-2193","page","type-page","status-publish","hentry"],"yoast_head":"<!-- This site is optimized with the Yoast SEO plugin v23.5 - https:\/\/yoast.com\/wordpress\/plugins\/seo\/ -->\n<title>Ano 8 - Caminho Vivo<\/title>\n<meta name=\"robots\" content=\"index, follow, max-snippet:-1, max-image-preview:large, max-video-preview:-1\" \/>\n<link rel=\"canonical\" href=\"https:\/\/caminhovivo.com\/index.php\/ano-8\/\" \/>\n<meta property=\"og:locale\" content=\"pt_BR\" \/>\n<meta property=\"og:type\" content=\"article\" \/>\n<meta property=\"og:title\" content=\"Ano 8 - Caminho Vivo\" \/>\n<meta property=\"og:description\" content=\"Ano 8 O ano8 corresponde ao oitavo ano do ensino fundamental e \u00e9 indicado para crian\u00e7as de 13 anos de idade. Os ano 7 e 8 compreendiam no curr\u00edculo escolar de Charlotte Mason o formul\u00e1rio (ou n\u00edvel) 3. Por esse motivo o Ano 8 \u00e9 como a continua\u00e7\u00e3o do Ano 7, sem grandes altera\u00e7\u00f5es ou &hellip; Ano 8 Leia mais &raquo;\" \/>\n<meta property=\"og:url\" content=\"https:\/\/caminhovivo.com\/index.php\/ano-8\/\" \/>\n<meta property=\"og:site_name\" content=\"Caminho Vivo\" \/>\n<meta property=\"article:modified_time\" content=\"2024-09-12T03:56:21+00:00\" \/>\n<meta property=\"og:image\" content=\"http:\/\/caminhovivo.com\/wp-content\/uploads\/2024\/09\/Camille_Pissarro_009.jpg\" \/>\n<meta name=\"twitter:card\" content=\"summary_large_image\" \/>\n<meta name=\"twitter:label1\" content=\"Est. tempo de leitura\" \/>\n\t<meta name=\"twitter:data1\" content=\"1 minuto\" \/>\n<script type=\"application\/ld+json\" class=\"yoast-schema-graph\">{\"@context\":\"https:\/\/schema.org\",\"@graph\":[{\"@type\":\"WebPage\",\"@id\":\"https:\/\/caminhovivo.com\/index.php\/ano-8\/\",\"url\":\"https:\/\/caminhovivo.com\/index.php\/ano-8\/\",\"name\":\"Ano 8 - Caminho Vivo\",\"isPartOf\":{\"@id\":\"https:\/\/caminhovivo.com\/#website\"},\"primaryImageOfPage\":{\"@id\":\"https:\/\/caminhovivo.com\/index.php\/ano-8\/#primaryimage\"},\"image\":{\"@id\":\"https:\/\/caminhovivo.com\/index.php\/ano-8\/#primaryimage\"},\"thumbnailUrl\":\"http:\/\/caminhovivo.com\/wp-content\/uploads\/2024\/09\/Camille_Pissarro_009.jpg\",\"datePublished\":\"2024-09-12T03:43:31+00:00\",\"dateModified\":\"2024-09-12T03:56:21+00:00\",\"breadcrumb\":{\"@id\":\"https:\/\/caminhovivo.com\/index.php\/ano-8\/#breadcrumb\"},\"inLanguage\":\"pt-BR\",\"potentialAction\":[{\"@type\":\"ReadAction\",\"target\":[\"https:\/\/caminhovivo.com\/index.php\/ano-8\/\"]}]},{\"@type\":\"ImageObject\",\"inLanguage\":\"pt-BR\",\"@id\":\"https:\/\/caminhovivo.com\/index.php\/ano-8\/#primaryimage\",\"url\":\"https:\/\/caminhovivo.com\/wp-content\/uploads\/2024\/09\/Camille_Pissarro_009.jpg\",\"contentUrl\":\"https:\/\/caminhovivo.com\/wp-content\/uploads\/2024\/09\/Camille_Pissarro_009.jpg\",\"width\":800,\"height\":662,\"caption\":\"Full title: The Boulevard Montmartre at Night.Artist: Camille Pissarro.Date made: 1897.Source: http:\/\/www.nationalgalleryimages.co.uk\/.Contact: picture.library@nationalgallery.co.uk..Copyright \u00a9 The National Gallery, London\"},{\"@type\":\"BreadcrumbList\",\"@id\":\"https:\/\/caminhovivo.com\/index.php\/ano-8\/#breadcrumb\",\"itemListElement\":[{\"@type\":\"ListItem\",\"position\":1,\"name\":\"In\u00edcio\",\"item\":\"https:\/\/caminhovivo.com\/\"},{\"@type\":\"ListItem\",\"position\":2,\"name\":\"Ano 8\"}]},{\"@type\":\"WebSite\",\"@id\":\"https:\/\/caminhovivo.com\/#website\",\"url\":\"https:\/\/caminhovivo.com\/\",\"name\":\"Caminho Vivo\",\"description\":\"Curr\u00edculo para Educa\u00e7\u00e3o Domiciliar\",\"publisher\":{\"@id\":\"https:\/\/caminhovivo.com\/#organization\"},\"potentialAction\":[{\"@type\":\"SearchAction\",\"target\":{\"@type\":\"EntryPoint\",\"urlTemplate\":\"https:\/\/caminhovivo.com\/?s={search_term_string}\"},\"query-input\":{\"@type\":\"PropertyValueSpecification\",\"valueRequired\":true,\"valueName\":\"search_term_string\"}}],\"inLanguage\":\"pt-BR\"},{\"@type\":\"Organization\",\"@id\":\"https:\/\/caminhovivo.com\/#organization\",\"name\":\"Caminho Vivo\",\"url\":\"https:\/\/caminhovivo.com\/\",\"logo\":{\"@type\":\"ImageObject\",\"inLanguage\":\"pt-BR\",\"@id\":\"https:\/\/caminhovivo.com\/#\/schema\/logo\/image\/\",\"url\":\"https:\/\/caminhovivo.com\/wp-content\/uploads\/2024\/01\/HOMESCHOOL-3.png\",\"contentUrl\":\"https:\/\/caminhovivo.com\/wp-content\/uploads\/2024\/01\/HOMESCHOOL-3.png\",\"width\":2000,\"height\":1333,\"caption\":\"Caminho Vivo\"},\"image\":{\"@id\":\"https:\/\/caminhovivo.com\/#\/schema\/logo\/image\/\"}}]}<\/script>\n<!-- \/ Yoast SEO plugin. -->","yoast_head_json":{"title":"Ano 8 - Caminho Vivo","robots":{"index":"index","follow":"follow","max-snippet":"max-snippet:-1","max-image-preview":"max-image-preview:large","max-video-preview":"max-video-preview:-1"},"canonical":"https:\/\/caminhovivo.com\/index.php\/ano-8\/","og_locale":"pt_BR","og_type":"article","og_title":"Ano 8 - Caminho Vivo","og_description":"Ano 8 O ano8 corresponde ao oitavo ano do ensino fundamental e \u00e9 indicado para crian\u00e7as de 13 anos de idade. Os ano 7 e 8 compreendiam no curr\u00edculo escolar de Charlotte Mason o formul\u00e1rio (ou n\u00edvel) 3. Por esse motivo o Ano 8 \u00e9 como a continua\u00e7\u00e3o do Ano 7, sem grandes altera\u00e7\u00f5es ou &hellip; Ano 8 Leia mais &raquo;","og_url":"https:\/\/caminhovivo.com\/index.php\/ano-8\/","og_site_name":"Caminho Vivo","article_modified_time":"2024-09-12T03:56:21+00:00","og_image":[{"url":"http:\/\/caminhovivo.com\/wp-content\/uploads\/2024\/09\/Camille_Pissarro_009.jpg"}],"twitter_card":"summary_large_image","twitter_misc":{"Est. tempo de leitura":"1 minuto"},"schema":{"@context":"https:\/\/schema.org","@graph":[{"@type":"WebPage","@id":"https:\/\/caminhovivo.com\/index.php\/ano-8\/","url":"https:\/\/caminhovivo.com\/index.php\/ano-8\/","name":"Ano 8 - Caminho Vivo","isPartOf":{"@id":"https:\/\/caminhovivo.com\/#website"},"primaryImageOfPage":{"@id":"https:\/\/caminhovivo.com\/index.php\/ano-8\/#primaryimage"},"image":{"@id":"https:\/\/caminhovivo.com\/index.php\/ano-8\/#primaryimage"},"thumbnailUrl":"http:\/\/caminhovivo.com\/wp-content\/uploads\/2024\/09\/Camille_Pissarro_009.jpg","datePublished":"2024-09-12T03:43:31+00:00","dateModified":"2024-09-12T03:56:21+00:00","breadcrumb":{"@id":"https:\/\/caminhovivo.com\/index.php\/ano-8\/#breadcrumb"},"inLanguage":"pt-BR","potentialAction":[{"@type":"ReadAction","target":["https:\/\/caminhovivo.com\/index.php\/ano-8\/"]}]},{"@type":"ImageObject","inLanguage":"pt-BR","@id":"https:\/\/caminhovivo.com\/index.php\/ano-8\/#primaryimage","url":"https:\/\/caminhovivo.com\/wp-content\/uploads\/2024\/09\/Camille_Pissarro_009.jpg","contentUrl":"https:\/\/caminhovivo.com\/wp-content\/uploads\/2024\/09\/Camille_Pissarro_009.jpg","width":800,"height":662,"caption":"Full title: The Boulevard Montmartre at Night.Artist: Camille Pissarro.Date made: 1897.Source: http:\/\/www.nationalgalleryimages.co.uk\/.Contact: picture.library@nationalgallery.co.uk..Copyright \u00a9 The National Gallery, London"},{"@type":"BreadcrumbList","@id":"https:\/\/caminhovivo.com\/index.php\/ano-8\/#breadcrumb","itemListElement":[{"@type":"ListItem","position":1,"name":"In\u00edcio","item":"https:\/\/caminhovivo.com\/"},{"@type":"ListItem","position":2,"name":"Ano 8"}]},{"@type":"WebSite","@id":"https:\/\/caminhovivo.com\/#website","url":"https:\/\/caminhovivo.com\/","name":"Caminho Vivo","description":"Curr\u00edculo para Educa\u00e7\u00e3o Domiciliar","publisher":{"@id":"https:\/\/caminhovivo.com\/#organization"},"potentialAction":[{"@type":"SearchAction","target":{"@type":"EntryPoint","urlTemplate":"https:\/\/caminhovivo.com\/?s={search_term_string}"},"query-input":{"@type":"PropertyValueSpecification","valueRequired":true,"valueName":"search_term_string"}}],"inLanguage":"pt-BR"},{"@type":"Organization","@id":"https:\/\/caminhovivo.com\/#organization","name":"Caminho Vivo","url":"https:\/\/caminhovivo.com\/","logo":{"@type":"ImageObject","inLanguage":"pt-BR","@id":"https:\/\/caminhovivo.com\/#\/schema\/logo\/image\/","url":"https:\/\/caminhovivo.com\/wp-content\/uploads\/2024\/01\/HOMESCHOOL-3.png","contentUrl":"https:\/\/caminhovivo.com\/wp-content\/uploads\/2024\/01\/HOMESCHOOL-3.png","width":2000,"height":1333,"caption":"Caminho Vivo"},"image":{"@id":"https:\/\/caminhovivo.com\/#\/schema\/logo\/image\/"}}]}},"_links":{"self":[{"href":"https:\/\/caminhovivo.com\/index.php\/wp-json\/wp\/v2\/pages\/2193"}],"collection":[{"href":"https:\/\/caminhovivo.com\/index.php\/wp-json\/wp\/v2\/pages"}],"about":[{"href":"https:\/\/caminhovivo.com\/index.php\/wp-json\/wp\/v2\/types\/page"}],"author":[{"embeddable":true,"href":"https:\/\/caminhovivo.com\/index.php\/wp-json\/wp\/v2\/users\/1"}],"replies":[{"embeddable":true,"href":"https:\/\/caminhovivo.com\/index.php\/wp-json\/wp\/v2\/comments?post=2193"}],"version-history":[{"count":6,"href":"https:\/\/caminhovivo.com\/index.php\/wp-json\/wp\/v2\/pages\/2193\/revisions"}],"predecessor-version":[{"id":2210,"href":"https:\/\/caminhovivo.com\/index.php\/wp-json\/wp\/v2\/pages\/2193\/revisions\/2210"}],"wp:attachment":[{"href":"https:\/\/caminhovivo.com\/index.php\/wp-json\/wp\/v2\/media?parent=2193"}],"curies":[{"name":"wp","href":"https:\/\/api.w.org\/{rel}","templated":true}]}}