{"id":1731,"date":"2024-07-02T10:42:44","date_gmt":"2024-07-02T13:42:44","guid":{"rendered":"https:\/\/caminhovivo.com\/?page_id=1731"},"modified":"2025-11-27T12:51:25","modified_gmt":"2025-11-27T15:51:25","slug":"ano-3","status":"publish","type":"page","link":"https:\/\/caminhovivo.com\/index.php\/ano-3\/","title":{"rendered":"Ano 3"},"content":{"rendered":"\t\t<div data-elementor-type=\"wp-page\" data-elementor-id=\"1731\" class=\"elementor elementor-1731\">\n\t\t\t\t\t\t<section class=\"elementor-section elementor-top-section elementor-element elementor-element-1da070b elementor-section-boxed elementor-section-height-default elementor-section-height-default\" data-id=\"1da070b\" data-element_type=\"section\">\n\t\t\t\t\t\t<div class=\"elementor-container elementor-column-gap-default\">\n\t\t\t\t\t<div class=\"elementor-column elementor-col-100 elementor-top-column elementor-element elementor-element-bfe5397\" data-id=\"bfe5397\" data-element_type=\"column\">\n\t\t\t<div class=\"elementor-widget-wrap elementor-element-populated\">\n\t\t\t\t\t\t<div class=\"elementor-element elementor-element-b01d542 elementor-widget elementor-widget-heading\" data-id=\"b01d542\" data-element_type=\"widget\" data-widget_type=\"heading.default\">\n\t\t\t\t<div class=\"elementor-widget-container\">\n\t\t\t\t\t<h1 class=\"elementor-heading-title elementor-size-default\">Ano 3<\/h1>\t\t\t\t<\/div>\n\t\t\t\t<\/div>\n\t\t\t\t\t<\/div>\n\t\t<\/div>\n\t\t\t\t\t<\/div>\n\t\t<\/section>\n\t\t\t\t<section class=\"elementor-section elementor-top-section elementor-element elementor-element-0eb9991 elementor-section-boxed elementor-section-height-default elementor-section-height-default\" data-id=\"0eb9991\" data-element_type=\"section\">\n\t\t\t\t\t\t<div class=\"elementor-container elementor-column-gap-default\">\n\t\t\t\t\t<div class=\"elementor-column elementor-col-100 elementor-top-column elementor-element elementor-element-0417379\" data-id=\"0417379\" data-element_type=\"column\" data-settings=\"{&quot;background_background&quot;:&quot;classic&quot;}\">\n\t\t\t<div class=\"elementor-widget-wrap elementor-element-populated\">\n\t\t\t\t\t\t<div class=\"elementor-element elementor-element-2252af8 elementor-widget__width-initial elementor-widget-mobile__width-initial elementor-widget elementor-widget-image\" data-id=\"2252af8\" data-element_type=\"widget\" data-widget_type=\"image.default\">\n\t\t\t\t<div class=\"elementor-widget-container\">\n\t\t\t\t\t\t\t\t\t\t\t\t\t\t\t<img fetchpriority=\"high\" decoding=\"async\" width=\"400\" height=\"654\" src=\"https:\/\/caminhovivo.com\/wp-content\/uploads\/2024\/07\/Rosa-e-Azul-As-Meninas-Alice-e-Elisabeth-Cahen-dAnvers-119x74cm-1881.jpg\" class=\"attachment-1536x1536 size-1536x1536 wp-image-1733\" alt=\"\" srcset=\"https:\/\/caminhovivo.com\/wp-content\/uploads\/2024\/07\/Rosa-e-Azul-As-Meninas-Alice-e-Elisabeth-Cahen-dAnvers-119x74cm-1881.jpg 400w, https:\/\/caminhovivo.com\/wp-content\/uploads\/2024\/07\/Rosa-e-Azul-As-Meninas-Alice-e-Elisabeth-Cahen-dAnvers-119x74cm-1881-183x300.jpg 183w\" sizes=\"(max-width: 400px) 100vw, 400px\" \/>\t\t\t\t\t\t\t\t\t\t\t\t\t\t\t<\/div>\n\t\t\t\t<\/div>\n\t\t\t\t<div class=\"elementor-element elementor-element-56ffbe6 elementor-widget__width-initial elementor-widget-mobile__width-initial elementor-widget elementor-widget-text-editor\" data-id=\"56ffbe6\" data-element_type=\"widget\" data-widget_type=\"text-editor.default\">\n\t\t\t\t<div class=\"elementor-widget-container\">\n\t\t\t\t\t\t\t\t\t<p>O ano 3 corresponde ao terceiro ano do ensino fundamental e \u00e9 indicado para crian\u00e7as a partir de 8 anos de idade.<\/p><p>Neste ano o foco \u00e9 fortalecer a flu\u00eancia de leitura. Incentive sua crian\u00e7a a ler de forma independente livros ilustrados ou livros de cap\u00edtulos se j\u00e1 conseguir.<\/p><p>As li\u00e7\u00f5es ainda s\u00e3o ouvidas e narradas oralmente. Para a narra\u00e7\u00e3o, a m\u00e3e ou o professor ler\u00e1 pequenos trechos e solicitar\u00e1 \u00e0 crian\u00e7a que ela reconte com suas palavras o que ouviu.<\/p><p>Pouco trabalho adicional \u00e9 necess\u00e1rio. Ilustra\u00e7\u00f5es das leituras\u00a0 e a busca por lugares citados em mapas \u00e9 incentivada.<\/p><p>Toda bibliografia indicada s\u00e3o sugest\u00f5es.\u00a0 Voc\u00ea \u00e9 livre para substituir ou acrescentar conforme a necessidade e o interesse da sua fam\u00edlia.<\/p>\t\t\t\t\t\t\t\t<\/div>\n\t\t\t\t<\/div>\n\t\t\t\t\t<\/div>\n\t\t<\/div>\n\t\t\t\t\t<\/div>\n\t\t<\/section>\n\t\t\t\t<section class=\"elementor-section elementor-top-section elementor-element elementor-element-cdb481d elementor-section-boxed elementor-section-height-default elementor-section-height-default\" data-id=\"cdb481d\" data-element_type=\"section\">\n\t\t\t\t\t\t<div class=\"elementor-container elementor-column-gap-default\">\n\t\t\t\t\t<div class=\"elementor-column elementor-col-100 elementor-top-column elementor-element elementor-element-70b879b\" data-id=\"70b879b\" data-element_type=\"column\" data-settings=\"{&quot;background_background&quot;:&quot;classic&quot;}\">\n\t\t\t<div class=\"elementor-widget-wrap elementor-element-populated\">\n\t\t\t\t\t\t<div class=\"elementor-element elementor-element-0f3ab9f elementor-widget elementor-widget-heading\" data-id=\"0f3ab9f\" data-element_type=\"widget\" data-widget_type=\"heading.default\">\n\t\t\t\t<div class=\"elementor-widget-container\">\n\t\t\t\t\t<h2 class=\"elementor-heading-title elementor-size-default\">Vis\u00e3o Geral<\/h2>\t\t\t\t<\/div>\n\t\t\t\t<\/div>\n\t\t\t\t<section class=\"elementor-section elementor-inner-section elementor-element elementor-element-7d43c5e elementor-section-boxed elementor-section-height-default elementor-section-height-default\" data-id=\"7d43c5e\" data-element_type=\"section\">\n\t\t\t\t\t\t<div class=\"elementor-container elementor-column-gap-default\">\n\t\t\t\t\t<div class=\"elementor-column elementor-col-100 elementor-inner-column elementor-element elementor-element-c345e58\" data-id=\"c345e58\" data-element_type=\"column\">\n\t\t\t<div class=\"elementor-widget-wrap elementor-element-populated\">\n\t\t\t\t\t\t<div class=\"elementor-element elementor-element-0e01276 elementor-widget elementor-widget-text-editor\" data-id=\"0e01276\" data-element_type=\"widget\" data-widget_type=\"text-editor.default\">\n\t\t\t\t<div class=\"elementor-widget-container\">\n\t\t\t\t\t\t\t\t\t<p>\u00a0 \u00a0 \u00a0 A primeira coluna corresponde \u00e0s Disciplinas de Estudo e as tr\u00eas colunas \u00e0 direita, aos assuntos a serem estudados a cada 3 meses.<\/p>\t\t\t\t\t\t\t\t<\/div>\n\t\t\t\t<\/div>\n\t\t\t\t\t<\/div>\n\t\t<\/div>\n\t\t\t\t\t<\/div>\n\t\t<\/section>\n\t\t\t\t<div class=\"elementor-element elementor-element-8bffb02 elementor-widget elementor-widget-text-editor\" data-id=\"8bffb02\" data-element_type=\"widget\" data-widget_type=\"text-editor.default\">\n\t\t\t\t<div class=\"elementor-widget-container\">\n\t\t\t\t\t\t\t\t\t<table><tbody><tr><td width=\"142\"><p>B\u00edblia<\/p><\/td><td width=\"142\"><p>Deuteron\u00f4mio<\/p><p>Lucas<\/p><\/td><td width=\"142\"><p>Josu\u00e9<\/p><p>Lucas<\/p><\/td><td width=\"142\"><p>Ju\u00edzes<\/p><p>Lucas<\/p><\/td><\/tr><tr><td width=\"142\"><p>Biografias<\/p><\/td><td width=\"142\"><p>Vidas de crist\u00e3os not\u00e1veis<\/p><\/td><td width=\"142\"><p>Vidas de crist\u00e3os not\u00e1veis<\/p><\/td><td width=\"142\"><p>Vidas de crist\u00e3os not\u00e1veis<\/p><\/td><\/tr><tr><td width=\"142\"><p>Hist\u00f3ria<\/p><\/td><td width=\"142\"><p>Brasil &#8211; Independ\u00eancia<\/p><\/td><td width=\"142\"><p>Brasil &#8211; Imp\u00e9rio<\/p><\/td><td width=\"142\">Brasil &#8211; Imp\u00e9rio<\/td><\/tr><tr><td width=\"142\"><p>Biografia hist\u00f3rica<\/p><\/td><td width=\"142\"><p>Leopoldina e Pedro I<\/p><\/td><td width=\"142\"><p>Pedro II<\/p><\/td><td width=\"142\"><p>Isabel<\/p><\/td><\/tr><tr><td width=\"142\"><p>Linguagem e literatura<\/p><\/td><td width=\"142\"><p>Pr\u00e1tica de leitura<\/p><p>O Peregrino<\/p><p>Mitos gregos<\/p><p>Recita\u00e7\u00e3o de Salmos e Poemas<\/p><\/td><td width=\"142\"><p>Pr\u00e1tica de leitura<\/p><p>O Peregrino<\/p><p>Mitos gregos<\/p><p>Recita\u00e7\u00e3o de trechos b\u00edblicos e Poemas<\/p><\/td><td width=\"142\"><p>Pr\u00e1tica de leitura\u00a0<\/p><p>O Peregrino<\/p><p>Mitos gregos<\/p><p>Recita\u00e7\u00e3o de trechos b\u00edblicos e Poemas<\/p><\/td><\/tr><tr><td width=\"142\"><p>Ci\u00eancias<\/p><\/td><td width=\"142\"><p>H\u00e1bitos e sabedoria dos animais<\/p><p>Observa\u00e7\u00e3o de Insetos<\/p><\/td><td width=\"142\"><p>H\u00e1bitos e sabedoria dos animais<\/p><p>Observa\u00e7\u00e3o de invertebrados<\/p><\/td><td width=\"142\"><p>H\u00e1bitos e sabedoria dos animais<\/p><p>Cuidados com horta ou pomar<\/p><\/td><\/tr><tr><td width=\"142\"><p>Geografia<\/p><\/td><td width=\"142\"><p>Crian\u00e7as da Europa<\/p><p>Conceitos b\u00e1sicos em geografia<\/p><\/td><td width=\"142\"><p>Crian\u00e7as da Oceania<\/p><p>Conceitos b\u00e1sicos em geografia<\/p><\/td><td width=\"142\"><p>Ant\u00e1rtida<\/p><p>Conceitos b\u00e1sicos em geografia<\/p><\/td><\/tr><tr><td width=\"142\"><p>M\u00fasica<\/p><\/td><td width=\"142\"><p>Vida e obra de Chiquinha Gonzaga<\/p><p>O aprendizado de um instrumento \u00e9 altamente recomendado<\/p><\/td><td width=\"142\"><p>Vida e obra de\u00a0 Chopin<\/p><p>O aprendizado de um instrumento \u00e9 altamente recomendado<\/p><\/td><td width=\"142\"><p>Vida e obra de Handel<\/p><p>O aprendizado de um instrumento \u00e9 altamente recomendado<\/p><\/td><\/tr><tr><td width=\"142\"><p>Artes e artesanato<\/p><\/td><td width=\"142\"><p>Obras de Mary Cassat<\/p><p>Desenho<\/p><p>Paper Sloyd<\/p><\/td><td width=\"142\"><p>Obras de Renoir<\/p><p>Desenho<\/p><p>Aquarela<\/p><\/td><td width=\"142\"><p>Obras de Monet<\/p><p>Desenho<\/p><p>Aquarela<\/p><\/td><\/tr><tr><td width=\"142\"><p>Matem\u00e1tica<\/p><\/td><td width=\"142\"><p>As li\u00e7\u00f5es podem variar conforme o material escolhido<\/p><\/td><td width=\"142\"><p>As li\u00e7\u00f5es podem variar conforme o material escolhido<\/p><\/td><td width=\"142\"><p>As li\u00e7\u00f5es podem variar conforme o material escolhido<\/p><\/td><\/tr><tr><td width=\"142\"><p>Ingl\u00eas<\/p><\/td><td width=\"142\">Vocabul\u00e1rio atrav\u00e9s de hist\u00f3rias<\/td><td width=\"142\">Vocabul\u00e1rio atrav\u00e9s de hist\u00f3rias<\/td><td width=\"142\">Vocabul\u00e1rio atrav\u00e9s de hist\u00f3rias<\/td><\/tr><\/tbody><\/table>\t\t\t\t\t\t\t\t<\/div>\n\t\t\t\t<\/div>\n\t\t\t\t\t<\/div>\n\t\t<\/div>\n\t\t\t\t\t<\/div>\n\t\t<\/section>\n\t\t\t\t<section class=\"elementor-section elementor-top-section elementor-element elementor-element-5332193 elementor-section-boxed elementor-section-height-default elementor-section-height-default\" data-id=\"5332193\" data-element_type=\"section\">\n\t\t\t\t\t\t<div class=\"elementor-container elementor-column-gap-default\">\n\t\t\t\t\t<div class=\"elementor-column elementor-col-100 elementor-top-column elementor-element elementor-element-774385b\" data-id=\"774385b\" data-element_type=\"column\">\n\t\t\t<div class=\"elementor-widget-wrap elementor-element-populated\">\n\t\t\t\t\t\t<div class=\"elementor-element elementor-element-4749ce2 elementor-widget-divider--view-line_icon elementor-view-default elementor-widget-divider--element-align-center elementor-widget elementor-widget-divider\" data-id=\"4749ce2\" data-element_type=\"widget\" data-widget_type=\"divider.default\">\n\t\t\t\t<div class=\"elementor-widget-container\">\n\t\t\t\t\t\t\t<div class=\"elementor-divider\">\n\t\t\t<span class=\"elementor-divider-separator\">\n\t\t\t\t\t\t\t<div class=\"elementor-icon elementor-divider__element\">\n\t\t\t\t\t<i aria-hidden=\"true\" class=\"fas fa-tree\"><\/i><\/div>\n\t\t\t\t\t\t<\/span>\n\t\t<\/div>\n\t\t\t\t\t\t<\/div>\n\t\t\t\t<\/div>\n\t\t\t\t<div class=\"elementor-element elementor-element-e624efc elementor-align-center elementor-widget__width-inherit elementor-widget elementor-widget-button\" data-id=\"e624efc\" data-element_type=\"widget\" data-widget_type=\"button.default\">\n\t\t\t\t<div class=\"elementor-widget-container\">\n\t\t\t\t\t\t\t\t\t<div class=\"elementor-button-wrapper\">\n\t\t\t\t\t<a class=\"elementor-button elementor-button-link elementor-size-md\" href=\"https:\/\/chk.eduzz.com\/G96V8YP501\">\n\t\t\t\t\t\t<span class=\"elementor-button-content-wrapper\">\n\t\t\t\t\t\t\t\t\t<span class=\"elementor-button-text\">Indica\u00e7\u00f5es de livros<\/span>\n\t\t\t\t\t<\/span>\n\t\t\t\t\t<\/a>\n\t\t\t\t<\/div>\n\t\t\t\t\t\t\t\t<\/div>\n\t\t\t\t<\/div>\n\t\t\t\t\t<\/div>\n\t\t<\/div>\n\t\t\t\t\t<\/div>\n\t\t<\/section>\n\t\t\t\t<\/div>\n\t\t","protected":false},"excerpt":{"rendered":"<p>Ano 3 O ano 3 corresponde ao terceiro ano do ensino fundamental e \u00e9 indicado para crian\u00e7as a partir de 8 anos de idade. Neste ano o foco \u00e9 fortalecer a flu\u00eancia de leitura. Incentive sua crian\u00e7a a ler de forma independente livros ilustrados ou livros de cap\u00edtulos se j\u00e1 conseguir. As li\u00e7\u00f5es ainda s\u00e3o &hellip;<\/p>\n<p class=\"read-more\"> <a class=\"\" href=\"https:\/\/caminhovivo.com\/index.php\/ano-3\/\"> <span class=\"screen-reader-text\">Ano 3<\/span> Leia mais &raquo;<\/a><\/p>\n","protected":false},"author":1,"featured_media":0,"parent":0,"menu_order":0,"comment_status":"closed","ping_status":"closed","template":"","meta":{"site-sidebar-layout":"no-sidebar","site-content-layout":"page-builder","ast-global-header-display":"","ast-main-header-display":"","ast-hfb-above-header-display":"","ast-hfb-below-header-display":"","ast-hfb-mobile-header-display":"","site-post-title":"disabled","ast-breadcrumbs-content":"","ast-featured-img":"disabled","footer-sml-layout":"","theme-transparent-header-meta":"","adv-header-id-meta":"","stick-header-meta":"","header-above-stick-meta":"","header-main-stick-meta":"","header-below-stick-meta":"","footnotes":""},"class_list":["post-1731","page","type-page","status-publish","hentry"],"yoast_head":"<!-- This site is optimized with the Yoast SEO plugin v23.5 - https:\/\/yoast.com\/wordpress\/plugins\/seo\/ -->\n<title>Ano 3 - Caminho Vivo<\/title>\n<meta name=\"robots\" content=\"index, follow, max-snippet:-1, max-image-preview:large, max-video-preview:-1\" \/>\n<link rel=\"canonical\" href=\"https:\/\/caminhovivo.com\/index.php\/ano-3\/\" \/>\n<meta property=\"og:locale\" content=\"pt_BR\" \/>\n<meta property=\"og:type\" content=\"article\" \/>\n<meta property=\"og:title\" content=\"Ano 3 - Caminho Vivo\" \/>\n<meta property=\"og:description\" content=\"Ano 3 O ano 3 corresponde ao terceiro ano do ensino fundamental e \u00e9 indicado para crian\u00e7as a partir de 8 anos de idade. Neste ano o foco \u00e9 fortalecer a flu\u00eancia de leitura. Incentive sua crian\u00e7a a ler de forma independente livros ilustrados ou livros de cap\u00edtulos se j\u00e1 conseguir. As li\u00e7\u00f5es ainda s\u00e3o &hellip; Ano 3 Leia mais &raquo;\" \/>\n<meta property=\"og:url\" content=\"https:\/\/caminhovivo.com\/index.php\/ano-3\/\" \/>\n<meta property=\"og:site_name\" content=\"Caminho Vivo\" \/>\n<meta property=\"article:modified_time\" content=\"2025-11-27T15:51:25+00:00\" \/>\n<meta property=\"og:image\" content=\"http:\/\/caminhovivo.com\/wp-content\/uploads\/2024\/07\/Rosa-e-Azul-As-Meninas-Alice-e-Elisabeth-Cahen-dAnvers-119x74cm-1881.jpg\" \/>\n<meta name=\"twitter:card\" content=\"summary_large_image\" \/>\n<meta name=\"twitter:label1\" content=\"Est. tempo de leitura\" \/>\n\t<meta name=\"twitter:data1\" content=\"3 minutos\" \/>\n<script type=\"application\/ld+json\" class=\"yoast-schema-graph\">{\"@context\":\"https:\/\/schema.org\",\"@graph\":[{\"@type\":\"WebPage\",\"@id\":\"https:\/\/caminhovivo.com\/index.php\/ano-3\/\",\"url\":\"https:\/\/caminhovivo.com\/index.php\/ano-3\/\",\"name\":\"Ano 3 - Caminho Vivo\",\"isPartOf\":{\"@id\":\"https:\/\/caminhovivo.com\/#website\"},\"primaryImageOfPage\":{\"@id\":\"https:\/\/caminhovivo.com\/index.php\/ano-3\/#primaryimage\"},\"image\":{\"@id\":\"https:\/\/caminhovivo.com\/index.php\/ano-3\/#primaryimage\"},\"thumbnailUrl\":\"http:\/\/caminhovivo.com\/wp-content\/uploads\/2024\/07\/Rosa-e-Azul-As-Meninas-Alice-e-Elisabeth-Cahen-dAnvers-119x74cm-1881.jpg\",\"datePublished\":\"2024-07-02T13:42:44+00:00\",\"dateModified\":\"2025-11-27T15:51:25+00:00\",\"breadcrumb\":{\"@id\":\"https:\/\/caminhovivo.com\/index.php\/ano-3\/#breadcrumb\"},\"inLanguage\":\"pt-BR\",\"potentialAction\":[{\"@type\":\"ReadAction\",\"target\":[\"https:\/\/caminhovivo.com\/index.php\/ano-3\/\"]}]},{\"@type\":\"ImageObject\",\"inLanguage\":\"pt-BR\",\"@id\":\"https:\/\/caminhovivo.com\/index.php\/ano-3\/#primaryimage\",\"url\":\"https:\/\/caminhovivo.com\/wp-content\/uploads\/2024\/07\/Rosa-e-Azul-As-Meninas-Alice-e-Elisabeth-Cahen-dAnvers-119x74cm-1881.jpg\",\"contentUrl\":\"https:\/\/caminhovivo.com\/wp-content\/uploads\/2024\/07\/Rosa-e-Azul-As-Meninas-Alice-e-Elisabeth-Cahen-dAnvers-119x74cm-1881.jpg\",\"width\":400,\"height\":654},{\"@type\":\"BreadcrumbList\",\"@id\":\"https:\/\/caminhovivo.com\/index.php\/ano-3\/#breadcrumb\",\"itemListElement\":[{\"@type\":\"ListItem\",\"position\":1,\"name\":\"In\u00edcio\",\"item\":\"https:\/\/caminhovivo.com\/\"},{\"@type\":\"ListItem\",\"position\":2,\"name\":\"Ano 3\"}]},{\"@type\":\"WebSite\",\"@id\":\"https:\/\/caminhovivo.com\/#website\",\"url\":\"https:\/\/caminhovivo.com\/\",\"name\":\"Caminho Vivo\",\"description\":\"Curr\u00edculo para Educa\u00e7\u00e3o Domiciliar\",\"publisher\":{\"@id\":\"https:\/\/caminhovivo.com\/#organization\"},\"potentialAction\":[{\"@type\":\"SearchAction\",\"target\":{\"@type\":\"EntryPoint\",\"urlTemplate\":\"https:\/\/caminhovivo.com\/?s={search_term_string}\"},\"query-input\":{\"@type\":\"PropertyValueSpecification\",\"valueRequired\":true,\"valueName\":\"search_term_string\"}}],\"inLanguage\":\"pt-BR\"},{\"@type\":\"Organization\",\"@id\":\"https:\/\/caminhovivo.com\/#organization\",\"name\":\"Caminho Vivo\",\"url\":\"https:\/\/caminhovivo.com\/\",\"logo\":{\"@type\":\"ImageObject\",\"inLanguage\":\"pt-BR\",\"@id\":\"https:\/\/caminhovivo.com\/#\/schema\/logo\/image\/\",\"url\":\"https:\/\/caminhovivo.com\/wp-content\/uploads\/2024\/01\/HOMESCHOOL-3.png\",\"contentUrl\":\"https:\/\/caminhovivo.com\/wp-content\/uploads\/2024\/01\/HOMESCHOOL-3.png\",\"width\":2000,\"height\":1333,\"caption\":\"Caminho Vivo\"},\"image\":{\"@id\":\"https:\/\/caminhovivo.com\/#\/schema\/logo\/image\/\"}}]}<\/script>\n<!-- \/ Yoast SEO plugin. -->","yoast_head_json":{"title":"Ano 3 - Caminho Vivo","robots":{"index":"index","follow":"follow","max-snippet":"max-snippet:-1","max-image-preview":"max-image-preview:large","max-video-preview":"max-video-preview:-1"},"canonical":"https:\/\/caminhovivo.com\/index.php\/ano-3\/","og_locale":"pt_BR","og_type":"article","og_title":"Ano 3 - Caminho Vivo","og_description":"Ano 3 O ano 3 corresponde ao terceiro ano do ensino fundamental e \u00e9 indicado para crian\u00e7as a partir de 8 anos de idade. Neste ano o foco \u00e9 fortalecer a flu\u00eancia de leitura. Incentive sua crian\u00e7a a ler de forma independente livros ilustrados ou livros de cap\u00edtulos se j\u00e1 conseguir. As li\u00e7\u00f5es ainda s\u00e3o &hellip; Ano 3 Leia mais &raquo;","og_url":"https:\/\/caminhovivo.com\/index.php\/ano-3\/","og_site_name":"Caminho Vivo","article_modified_time":"2025-11-27T15:51:25+00:00","og_image":[{"url":"http:\/\/caminhovivo.com\/wp-content\/uploads\/2024\/07\/Rosa-e-Azul-As-Meninas-Alice-e-Elisabeth-Cahen-dAnvers-119x74cm-1881.jpg"}],"twitter_card":"summary_large_image","twitter_misc":{"Est. tempo de leitura":"3 minutos"},"schema":{"@context":"https:\/\/schema.org","@graph":[{"@type":"WebPage","@id":"https:\/\/caminhovivo.com\/index.php\/ano-3\/","url":"https:\/\/caminhovivo.com\/index.php\/ano-3\/","name":"Ano 3 - Caminho Vivo","isPartOf":{"@id":"https:\/\/caminhovivo.com\/#website"},"primaryImageOfPage":{"@id":"https:\/\/caminhovivo.com\/index.php\/ano-3\/#primaryimage"},"image":{"@id":"https:\/\/caminhovivo.com\/index.php\/ano-3\/#primaryimage"},"thumbnailUrl":"http:\/\/caminhovivo.com\/wp-content\/uploads\/2024\/07\/Rosa-e-Azul-As-Meninas-Alice-e-Elisabeth-Cahen-dAnvers-119x74cm-1881.jpg","datePublished":"2024-07-02T13:42:44+00:00","dateModified":"2025-11-27T15:51:25+00:00","breadcrumb":{"@id":"https:\/\/caminhovivo.com\/index.php\/ano-3\/#breadcrumb"},"inLanguage":"pt-BR","potentialAction":[{"@type":"ReadAction","target":["https:\/\/caminhovivo.com\/index.php\/ano-3\/"]}]},{"@type":"ImageObject","inLanguage":"pt-BR","@id":"https:\/\/caminhovivo.com\/index.php\/ano-3\/#primaryimage","url":"https:\/\/caminhovivo.com\/wp-content\/uploads\/2024\/07\/Rosa-e-Azul-As-Meninas-Alice-e-Elisabeth-Cahen-dAnvers-119x74cm-1881.jpg","contentUrl":"https:\/\/caminhovivo.com\/wp-content\/uploads\/2024\/07\/Rosa-e-Azul-As-Meninas-Alice-e-Elisabeth-Cahen-dAnvers-119x74cm-1881.jpg","width":400,"height":654},{"@type":"BreadcrumbList","@id":"https:\/\/caminhovivo.com\/index.php\/ano-3\/#breadcrumb","itemListElement":[{"@type":"ListItem","position":1,"name":"In\u00edcio","item":"https:\/\/caminhovivo.com\/"},{"@type":"ListItem","position":2,"name":"Ano 3"}]},{"@type":"WebSite","@id":"https:\/\/caminhovivo.com\/#website","url":"https:\/\/caminhovivo.com\/","name":"Caminho Vivo","description":"Curr\u00edculo para Educa\u00e7\u00e3o Domiciliar","publisher":{"@id":"https:\/\/caminhovivo.com\/#organization"},"potentialAction":[{"@type":"SearchAction","target":{"@type":"EntryPoint","urlTemplate":"https:\/\/caminhovivo.com\/?s={search_term_string}"},"query-input":{"@type":"PropertyValueSpecification","valueRequired":true,"valueName":"search_term_string"}}],"inLanguage":"pt-BR"},{"@type":"Organization","@id":"https:\/\/caminhovivo.com\/#organization","name":"Caminho Vivo","url":"https:\/\/caminhovivo.com\/","logo":{"@type":"ImageObject","inLanguage":"pt-BR","@id":"https:\/\/caminhovivo.com\/#\/schema\/logo\/image\/","url":"https:\/\/caminhovivo.com\/wp-content\/uploads\/2024\/01\/HOMESCHOOL-3.png","contentUrl":"https:\/\/caminhovivo.com\/wp-content\/uploads\/2024\/01\/HOMESCHOOL-3.png","width":2000,"height":1333,"caption":"Caminho Vivo"},"image":{"@id":"https:\/\/caminhovivo.com\/#\/schema\/logo\/image\/"}}]}},"_links":{"self":[{"href":"https:\/\/caminhovivo.com\/index.php\/wp-json\/wp\/v2\/pages\/1731"}],"collection":[{"href":"https:\/\/caminhovivo.com\/index.php\/wp-json\/wp\/v2\/pages"}],"about":[{"href":"https:\/\/caminhovivo.com\/index.php\/wp-json\/wp\/v2\/types\/page"}],"author":[{"embeddable":true,"href":"https:\/\/caminhovivo.com\/index.php\/wp-json\/wp\/v2\/users\/1"}],"replies":[{"embeddable":true,"href":"https:\/\/caminhovivo.com\/index.php\/wp-json\/wp\/v2\/comments?post=1731"}],"version-history":[{"count":24,"href":"https:\/\/caminhovivo.com\/index.php\/wp-json\/wp\/v2\/pages\/1731\/revisions"}],"predecessor-version":[{"id":2980,"href":"https:\/\/caminhovivo.com\/index.php\/wp-json\/wp\/v2\/pages\/1731\/revisions\/2980"}],"wp:attachment":[{"href":"https:\/\/caminhovivo.com\/index.php\/wp-json\/wp\/v2\/media?parent=1731"}],"curies":[{"name":"wp","href":"https:\/\/api.w.org\/{rel}","templated":true}]}}